
-7a7
What is -2345 (base 6) in base 2?
-1000111001
3354 (base 7) to base 5
14330
Convert 1296 (base 16) to base 5.
123013
What is -40710 (base 9) in base 12?
-13630
Convert 242401 (base 6) to base 11.
15016
Convert -855 (base 12) to base 11.
-a07
4042 (base 5) to base 4
20022
-b1 (base 15) to base 11
-141
3607 (base 8) to base 13
b53
What is -1ab64 (base 12) in base 14?
-10660
Convert 218 (base 12) to base 11.
260
Convert -12518 (base 9) to base 6.
-103025
101101010 (base 2) to base 15
192
1245 (base 8) to base 15
302
What is 4132 (base 8) in base 16?
85a
Convert -3250 (base 6) to base 10.
-750
-a432 (base 16) to base 5
-2321114
Convert 56 (base 11) to base 6.
141
1817 (base 10) to base 13
a9a
Convert -835 (base 11) to base 12.
-6ba
What is -867 (base 10) in base 2?
-1101100011
2b3 (base 15) to base 16
26a
10110001000 (base 2) to base 15
646
-1225 (base 6) to base 7
-614
Convert -140155 (base 6) to base 13.
-5c15
Convert 1201303 (base 5) to base 3.
1010021201
-12101221 (base 3) to base 6
-30124
What is b44 (base 13) in base 8?
3573
12c1 (base 13) to base 6
20244
What is 100112 (base 3) in base 10?
257
Convert 1f9 (base 16) to base 3.
200201
28084 (base 9) to base 7
106324
-241 (base 8) to base 4
-2201
Convert -432 (base 9) to base 3.
-111002
What is 12b (base 13) in base 2?
11001110
What is 106a (base 11) in base 6?
10303
What is -68 (base 15) in base 9?
-118
What is -1010011010101 (base 2) in base 16?
-14d5
What is 20040 (base 7) in base 8?
11336
Convert -16278 (base 10) to base 12.
-9506
Convert -5503 (base 11) to base 13.
-33c9
-113000 (base 5) to base 3
-12122210
What is 1051 (base 14) in base 4?
223333
What is -11012200 (base 3) in base 15?
-d99
100101001011 (base 2) to base 9
3233
3597 (base 13) to base 8
16610
What is -203123 (base 4) in base 13?
-1055
100155 (base 6) to base 8
17247
517 (base 12) to base 6
3231
5413 (base 6) to base 14
641
2120101002 (base 3) to base 13
1a033
Convert 7ca (base 15) to base 8.
3345
3413 (base 8) to base 11
139a
Convert -45 (base 15) to base 16.
-41
Convert -36 (base 7) to base 15.
-1c
-218c (base 14) to base 7
-22635
What is 302330 (base 5) in base 10?
9715
Convert 6236 (base 9) to base 16.
11d9
-12545 (base 8) to base 10
-5477
Convert -296 (base 12) to base 15.
-1bc
-1992 (base 14) to base 16
-121c
Convert 230210 (base 5) to base 16.
1ff4
Convert -1430 (base 6) to base 16.
-17a
What is 3bd (base 14) in base 5?
11010
-4aa5 (base 13) to base 15
-3228
Convert -527 (base 8) to base 6.
-1331
-341440 (base 5) to base 12
-7020
-9a2 (base 12) to base 16
-58a
32210 (base 4) to base 15
422
What is -20110012 (base 3) in base 5?
-122303
What is -231a (base 12) in base 14?
-15d4
What is -3543 (base 8) in base 6?
-12431
Convert 1111010011110110 (base 2) to base 16.
f4f6
What is -100205 (base 6) in base 13?
-3761
514 (base 7) to base 16
100
-11112201 (base 3) to base 5
-101223
Convert 521 (base 9) to base 5.
3144
Convert -190 (base 11) to base 13.
-13c
What is -41ad (base 14) in base 3?
-120112110
-6625 (base 8) to base 13
-1776
-1002001 (base 4) to base 2
-1000010000001
What is 319b (base 13) in base 9?
10403
10134 (base 5) to base 16
29d
Convert -11f (base 16) to base 4.
-10133
What is 1031 (base 6) in base 16?
eb
-2268 (base 13) to base 16
-12d2
23504 (base 6) to base 14
1368
-2321 (base 6) to base 14
-2b7
2d9 (base 14) to base 12
407
What is 2c34 (base 15) in base 10?
9499
What is 533 (base 6) in base 8?
311
Convert -21002 (base 4) to base 10.
-578
What is 1300 (base 7) in base 9?
604
Convert -5204 (base 12) to base 16.
-22e4
7443 (base 10) to base 4
1310103
-4403 (base 5) to base 7
-1521
1615 (base 16) to base 7
22324
What is 50313 (base 6) in base 9?
10040
What is 4615 (base 9) in base 12?
1b88
-1101001101110 (base 2) to base 6
-51154
Convert 35023 (base 8) to base 16.
3a13
b52 (base 12) to base 4
121232
What is -502 (base 6) in base 5?
-1212
a718 (base 11) to base 8
33540
11002101 (base 4) to base 15
61a0
What is -944a (base 12) in base 10?
-16186
-1101100001 (base 2) to base 9
-1161
What is 3b5a (base 14) in base 2?
10100011100100
Convert 1713 (base 8) to base 5.
12341
Convert 16212 (base 9) to base 15.
3458
What is 1044243 (base 6) in base 11?
36743
319 (base 14) to base 3
211122
What is 220021 (base 3) in base 7?
1624
What is 21223 (base 5) in base 11?
1098
What is 503 (base 7) in base 14?
13a
-15950 (base 12) to base 13
-10cb0
What is -63 (base 8) in base 2?
-110011
What is -27473 (base 8) in base 6?
-131551
Convert 101212120 (base 3) to base 9.
11776
Convert 25656 (base 7) to base 16.
1ac4
What is 45db (base 16) in base 14?
6735
Convert 178e (base 16) to base 13.
298b
2932 (base 14) to base 6
53440
What is 539 (base 13) in base 3?
1020002
What is -1000011111 (base 2) in base 7?
-1404
Convert -35231 (base 6) to base 9.
-6841
What is 4260 (base 7) in base 5?
22022
6002 (base 7) to base 6
13312
-24200 (base 5) to base 15
-800
1653 (base 9) to base 6
5503
What is 1022220222 (base 3) in base 4?
12121031
-2a058 (base 12) to base 7
-333326
Convert -12312 (base 4) to base 12.
-306
472 (base 8) to base 12
222
-31ca (base 16) to base 2
-11000111001010
What is 750 (base 8) in base 9?
602
What is -9c0 (base 14) in base 6?
-12540
What is 440303 (base 5) in base 11?
10368
Convert 225 (base 14) to base 15.
1d5
Convert 53202 (base 7) to base 8.
31516
What is 10111000010101000 (base 2) in base 9?
153412
-101011011110 (base 2) to base 11
-20aa
What is 89c (base 16) in base 7?
6266
Convert 420 (base 6) to base 15.
a6
2132 (base 4) to base 5
1113
-3f3 (base 16) to base 5
-13021
Convert 40570 (base 10) to base 12.
1b58a
Convert -1100130 (base 4) to base 9.
-7050
-38836 (base 10) to base 2
-1001011110110100
Convert 106731 (base 8) to base 5.
2130223
Convert 100000011100 (base 2) to base 6.
13340
1212 (base 5) to base 4
2312
Convert -807a (base 11) to base 10.
-10735
What is -142111 (base 5) in base 9?
-8082
What is 133465 (base 7) in base 3?
1021200101
-1025 (base 8) to base 5
-4113
Convert 75424 (base 8) to base 14.
b6a8
Convert 29004 (base 10) to base 2.
111000101001100
What is 46a (base 12) in base 11?
549
Convert a51 (base 11) to base 16.
4f2
-322 (base 7) to base 13
-c7
112121 (base 4) to base 2
10110011001
-41566 (base 8) to base 6
-211542
Convert -1100111 (base 3) to base 16.
-3d9
What is 410 (base 9) in base 12?
239
What is -7b35 (base 13) in base 5?
-1023112
What is -27910 (base 11) in base 4?
-21230103
What is 60165 (base 7) in base 2?
11100010100110
-102222002 (base 3) to base 8
-21023
Convert -2395 (base 11) to base 9.
-4256
What is 46a5 (base 12) in base 4?
1323131
Convert -26 (base 16) to base 13.
-2c
Convert -1233 (base 6) to base 2.
-100110101
-10050 (base 9) to base 16
-19ce
Convert -307d (base 14) to base 12.
-49b3
-d2a7 (base 15) to base 12
-218aa
-1344 (base 8) to base 5
-10430
What is 20113 (base 4) in base 13?
322
-7484 (base 14) to base 3
-1000120202
216344 (base 7) to base 6
453032
What is 63 (base 14) in base 2?
1010111
What is -240 (base 10) in base 15?
-110
Convert -244 (base 7) to base 15.
-8a
What is 3a8 (base 13) in base 6?
2553
Convert 11575 (base 10) to base 8.
26467
Convert -243 (base 12) to base 15.
-179
What is -35251 (base 6) in base 5?
-130241
What is 7e (base 15) in base 8?
167
425 (base 12) to base 16
25d
Convert 8859 (base 11) to base 2.
10110110100000
Convert -21335 (base 6) to base 5.
-43224
What is 336 (base 9) in base 15?
136
What is -110012211 (base 3) in base 14?
-3361
What is -223 (base 12) in base 5?
-2230
What is -14d79 (base 14) in base 10?
-52047
What is 2516 (base 7) in base 4?
32300
1fe (base 16) to base 7
1326
Convert db6 (base 14) to base 11.
2042
What is -30a (base 11) in base 9?
-454
Convert -1759 (base 12) to base 14.
-1045
19cc (base 14) to base 16
1250
Convert 4052 (base 10) to base 14.
1696
What is 10c9 (base 14) in base 6?
21305
What is -e28e (base 15) in base 7?
-256313
-821 (base 13) to base 3
-1220002
What is -1118 (base 10) in base 8?
-2136
Convert 201210 (base 3) to base 2.
1000010110
Convert -1607 (base 8) to base 6.
-4103
4117 (base 11) to base 7
21633
Convert -10011100 (base 2) to base 11.
-132
What is 3c6 (base 13) in base 4?
22131
-1e6a (base 16) to base 3
-101200101
What is -1151 (base 12) in base 15?
-88d
Convert -425000 (base 6) to base 3.
-1202201